is 190 - -1?
191
In base 14, what is bb + -1?
ba
In base 3, what is 2100 - 112?
1211
In base 6, what is 15450 - 3?
15443
In base 14, what is -3 - -16?
13
In base 14, what is 1 - -a65?
a66
In base 10, what is 442 + 42?
484
In base 3, what is 2 + 2112?
2121
In base 5, what is 10224 - -20?
10244
In base 12, what is 2a2 + 1?
2a3
In base 2, what is 100011 + 10001?
110100
In base 4, what is 331 - -13031?
20022
In base 5, what is 4 + 3032?
3041
In base 14, what is 1840 + -1?
183d
In base 9, what is -132 + 0?
-132
In base 6, what is -33 - -55?
22
In base 2, what is 100 + 1010101?
1011001
In base 9, what is 2 - -146?
148
In base 4, what is 200 - -2?
202
In base 11, what is 8a + 178?
257
In base 10, what is 0 - -1441?
1441
In base 9, what is -282 + -2?
-284
In base 9, what is -10 - 1070?
-1080
In base 5, what is 1 - -300?
301
In base 10, what is 2 + 1001?
1003
In base 6, what is -5 - -1142?
1133
In base 14, what is -2 + -1012?
-1014
In base 7, what is 44 + 6?
53
In base 3, what is 0 - -21020111?
21020111
In base 7, what is 13 - -11?
24
In base 11, what is 37 + -5?
32
In base 13, what is 14c + -10?
13c
In base 8, what is -1 - 2477?
-2500
In base 6, what is 4 + 301?
305
In base 3, what is -12 + -1010?
-1022
In base 16, what is -b1 - 3?
-b4
In base 6, what is 12 - 23?
-11
In base 14, what is -567 - 2?
-569
In base 10, what is -17 - 2?
-19
In base 13, what is 1 + 3a?
3b
In base 3, what is -1021 - -12020?
10222
In base 14, what is -5 - -6b1?
6aa
In base 8, what is -4 + 236?
232
In base 11, what is 6 - -3?
9
In base 15, what is -18 - 77?
-90
In base 4, what is 3 - 1100012?
-1100003
In base 2, what is 11111 - 0?
11111
In base 15, what is -2 - -8e?
8c
In base 9, what is 5 - -27?
33
In base 16, what is 28 - 1be?
-196
In base 15, what is e7 - -2?
e9
In base 14, what is 1d2 - 36?
19a
In base 5, what is 204 - 13?
141
In base 16, what is 27 + -112?
-eb
In base 16, what is 8 + c?
14
In base 13, what is -8 + -23?
-2b
In base 2, what is 1110110100001 + 1?
1110110100010
In base 9, what is 6 + 243?
250
In base 4, what is -1 - 100113?
-100120
In base 16, what is -4 - 23?
-27
In base 8, what is 171 + -4?
165
In base 15, what is -3a1 - -7?
-399
In base 2, what is -1111100 + 10100?
-1101000
In base 3, what is 0 + 1211102?
1211102
In base 13, what is -3b03 + 3?
-3b00
In base 15, what is -3ec - -4?
-3e8
In base 5, what is -144 + -10?
-204
In base 9, what is 13 - -1056?
1070
In base 16, what is 160 - -4?
164
In base 2, what is -1 - -1011110100?
1011110011
In base 12, what is 14 - b?
5
In base 6, what is -5 + -123?
-132
In base 14, what is 4 + 964?
968
In base 3, what is 12 - 201?
-112
In base 9, what is -3458 - -2?
-3456
In base 4, what is 2100 - 11?
2023
In base 16, what is -373 + -4?
-377
In base 2, what is 1110 - -100100?
110010
In base 11, what is 1669 - -3?
1671
In base 8, what is 340 - -11?
351
In base 14, what is 3 + -88?
-85
In base 6, what is -1131 - 1?
-1132
In base 10, what is 7 + 6?
13
In base 15, what is 203 - 4?
1ee
In base 3, what is -110212 - 0?
-110212
In base 3, what is 0 - 10?
-10
In base 6, what is 3 + -1332?
-1325
In base 14, what is -3ca - -1?
-3c9
In base 3, what is -10001 + -201?
-10202
In base 10, what is 116 + -141?
-25
In base 4, what is 1031 + -1?
1030
In base 3, what is -1001020 - -21?
-1000222
In base 5, what is 2 + 12430?
12432
In base 10, what is -1 - -3?
2
In base 3, what is -212002210 - -2?
-212002201
In base 5, what is -13 + 30?
12
In base 3, what is -11 + -200211?
-200222
In base 10, what is 2415 - -2?
2417
In base 16, what is 1 - 4ca?
-4c9
In base 7, what is -11 - 43?
-54
In base 14, what is 6 - -acb?
ad3
In base 12, what is b - -33?
42
In base 3, what is 200 + -12?
111
In base 12, what is 0 - 28?
-28
In base 5, what is -400343 - -1?
-400342
In base 15, what is -6a - 13?
-7d
In base 6, what is -11020 + 3?
-11013
In base 11, what is 16 - 136?
-120
In base 7, what is 115 + -4?
111
In base 9, what is 2 + 687?
700
In base 16, what is 2a7 - 5?
2a2
In base 6, what is -2 - -43314?
43312
In base 6, what is 11124 + 2?
11130
In base 2, what is -10 + 111100?
111010
In base 11, what is 37 + -38?
-1
In base 3, what is 2021 - 2020?
1
In base 3, what is 100102 + -122?
22210
In base 6, what is 542 + -4?
534
In base 11, what is 4 - 3320?
-3317
In base 3, what is -11010010 - -10?
-11010000
In base 11, what is -19 - 9?
-27
In base 3, what is 20 - -2211?
10001
In base 14, what is -13 + bd?
aa
In base 4, what is 12000 + 13?
12013
In base 11, what is 0 - 1385?
-1385
In base 10, what is -19 + -12?
-31
In base 12, what is 79 + -4?
75
In base 7, what is -10 + -3?
-13
In base 4, what is 1 + 12?
13
In base 11, what is -2a3 - 5?
-2a8
In base 10, what is 57 + 71?
128
In base 10, what is 5 + 53?
58
In base 2, what is -11110001 + 1111?
-11100010
In base 4, what is -2 + -301?
-303
In base 2, what is 101001 - 101?
100100
In base 9, what is 544 + -4?
540
In base 4, what is 1022003 - -3?
1022012
In base 15, what is -cb8 + 5?
-cb3
In base 2, what is 1110001 - -101111?
10100000
In base 13, what is -1 - 77?
-78
In base 11, what is -166 + 5?
-161
In base 13, what is -3 - -15?
12
In base 15, what is 2 - b7?
-b5
In base 9, what is 4 + -643?
-638
In base 3, what is -100 - 1100?
-1200
In base 15, what is 550 - -5?
555
In base 11, what is -a5 + 4?
-a1
In base 15, what is -16 + -5?
-1b
In base 5, what is -30 + 140?
110
In base 5, what is 30 - -101?
131
In base 7, what is -2 - 5633?
-5635
In base 5, what is -111 + -202?
-313
In base 7, what is 401 + 0?
401
In base 7, what is 0 - 151?
-151
In base 11, what is 168 + -31?
137
In base 12, what is -1 - -207?
206
In base 16, what is -b - 4?
-f
In base 9, what is 2 - -1404?
1406
In base 15, what is 1e + -1a?
4
In base 10, what is -7 + -37?
-44
In base 10, what is 14 - 31?
-17
In base 4, what is 33200 - 11?
33123
In base 5, what is 112 + 2012?
2124
In base 7, what is -152 - -2?
-150
In base 3, what is -20 - -20110202?
20110112
In base 9, what is -306 + -15?
-322
In base 14, what is -2c + 4?
-28
In base 2, what is 1000101011 - -11?
1000101110
In base 13, what is 6 + 286?
28c
In base 15, what is 0 - 37?
-37
In base 13, what is -3 - -42?
3c
In base 14, what is -a69c + 1?
-a69b
In base 16, what is 1a9 + 1?
1aa
In base 13, what is 1b - 4?
17
In base 6, what is -3 - 53?
-100
In base 7, what is 136 - 23?
113
In base 16, what is -5 + 361?
35c
In base 14, what is c + -57?
-49
In base 16, what is 3b - -3?
3e
In base 4, what is 1021 - 11?
1010
In base 3, what is -101022102 + 1?
-101022101
In base 2, what is -1000000000010 - -100?
-111111111110
In base 9, what is -8 + -5?
-14
In base 15, what is 5 - 128e?
-1289
In base 14, what is 5 - -bc?
c3
In base 16, what is -11 - -6?
-b
In base 6, what is -2 - 1?
-3
In base 8, what is 1362 + 4?
1366
In base 8, what is 272 + 4?
276
In base 2, what is -11 + -1011100011?
-1011100110
In base 5, what is 1012 + 214?
1231
In base 9, what is -1 + -2126?
-2127
In base 6, what is -1012 - -3?
-1005
In base 2, what is -11000100 - 100000?
-11100100
In base 6, what is 10150 + 1?
10151
In base 14, what is 5 - -7c4?
7c9
In base 11, what is -5 - 36?
-40
In base 9, what is -5 + 0?
-5
In base 13, what is 9 - 1a?
-11
In base 9, what is 564 - 12?
552
In base 9, what is -3 + -318?
-322
In base 2, what is 10000011 - 110?
1111101
In base 7, what is 26 + -606?
-550
In base 13, what is 9 - -3?
c
In base 8, what is 71 + 3?
74
In base 15, what is -1 - 2a?
-2b
In base 11, what is -386 + 0?
-386
In base 2, what is 1110110101 - -10?
1110110111
In base 15, what is -39 + 5?
-34
In base 8, what is -5 - 13?
-20
In base 10, what is -4 - 75?
-79
In base 3, what is 1010 + -1112?
-102
In base 12, what is 3 + 1b?
22
In base 4, what is -10 - -133?
123
In base 3, what is -2 + -1001111?
-1001120
In base 10, what is 3 - 50?
-47
In base 9, what is 52 - -242?
304
In base 5, what is 10 + -323?
-313
In base 2, what is -110000 + 1110?
-100010
In base 12, what is 13 + -289?
-276
In base 12, what is -1 + 495?
494
In base 15, what is ec + 5?
102
In base 7, what is -3 - -205?
202
In base 5, what is 10212 + -2?
10210
In base 16, what is 4 - -1c?
20
In base 15, what is -20a - -3?
-207
In base 13, what is -5 - 2a9?
-2b1
In base 7, what is -2201 + 0?
-2201
In base 13, what is -4 - -2a3?
29c
In base 7, what is 3 - -635?
641
In base 11, what is 1 - 1?
0
In base 9, what i